416
In base 2, what is -10 - -10000100?
10000010
In base 11, what is 1 + -161?
-160
In base 13, what is 3 + -cb?
-c8
In base 10, what is 2 + -202?
-200
In base 13, what is 1b9 + -1?
1b8
In base 4, what is -1 + 111123?
111122
In base 16, what is 5 + -86c?
-867
In base 13, what is -4 + c2?
bb
In base 2, what is -1 - 100110010?
-100110011
In base 4, what is 23 - 10023?
-10000
In base 6, what is -3325 - 0?
-3325
In base 7, what is 1 - 2203?
-2202
In base 5, what is -3 + 1302?
1244
In base 16, what is 52 - 1?
51
In base 15, what is -d54 - 3?
-d57
In base 13, what is -1c0 - -1?
-1bc
In base 12, what is 1933 - -5?
1938
In base 5, what is 0 - 100442?
-100442
In base 6, what is -5 - 13310?
-13315
In base 9, what is 40 + -5?
34
In base 6, what is 4 - -2340?
2344
In base 6, what is 1 + -3022?
-3021
In base 11, what is 124 + 1?
125
In base 15, what is 1e3 - 0?
1e3
In base 3, what is -111102 - -2?
-111100
In base 10, what is 445 - -33?
478
In base 3, what is -21 + -112?
-210
In base 3, what is 111 + -2?
102
In base 3, what is -2 - -121?
112
In base 3, what is 1022222 - 2?
1022220
In base 9, what is -1160 - -6?
-1153
In base 13, what is 0 + -99?
-99
In base 7, what is -3124 + 12?
-3112
In base 9, what is 23 - 2?
21
In base 8, what is -31 - -30?
-1
In base 6, what is 2 + 13554?
14000
In base 8, what is 4 + -306?
-302
In base 15, what is 64 + 1?
65
In base 11, what is -2a34 - 2?
-2a36
In base 5, what is 4 - 224?
-220
In base 9, what is -1 - 13?
-14
In base 12, what is 2546 + 4?
254a
In base 3, what is 11110 - 2?
11101
In base 8, what is 1 - -112?
113
In base 15, what is -3 + 381?
37d
In base 16, what is -3 - -8b?
88
In base 8, what is 1 - -171?
172
In base 15, what is 47 + -9?
3d
In base 12, what is -152 + 3b?
-113
In base 8, what is -1 + -144?
-145
In base 8, what is 322 - 40?
262
In base 5, what is 11 - -230?
241
In base 9, what is 4 + 5170?
5174
In base 12, what is 2 + -78a?
-788
In base 8, what is 23 + 43?
66
In base 5, what is 330 + 21?
401
In base 6, what is 2 + -1332?
-1330
In base 10, what is 1 - -4?
5
In base 15, what is 8 + 2?
a
In base 14, what is 44 - 2?
42
In base 10, what is 1 + 227?
228
In base 5, what is 10 + 122400?
122410
In base 11, what is 990 + 1?
991
In base 4, what is 111 - 12200?
-12023
In base 13, what is 7 - -698?
6a2
In base 16, what is -a - 14?
-1e
In base 9, what is -173 + -5?
-178
In base 5, what is -10 - -33311?
33301
In base 10, what is -58 + -8?
-66
In base 3, what is 12 - 222011?
-221222
In base 10, what is -198 + -5?
-203
In base 11, what is -81 + a?
-72
In base 7, what is -13 - 0?
-13
In base 7, what is -333 + 2?
-331
In base 5, what is -232 - -20?
-212
In base 12, what is -148 + 0?
-148
In base 7, what is 25164 + 5?
25202
In base 3, what is 222 - -20?
1012
In base 14, what is 70 + -b?
63
In base 5, what is -2024 - 4?
-2033
In base 8, what is 314 - -4?
320
In base 10, what is -40 - 3?
-43
In base 9, what is 6 + -13?
-6
In base 2, what is 111100011 - 11?
111100000
In base 2, what is 0 + -1100000?
-1100000
In base 6, what is -2 + -151?
-153
In base 13, what is 0 + -71?
-71
In base 5, what is -31 + 0?
-31
In base 10, what is 5 + 2781?
2786
In base 10, what is -5 - 41?
-46
In base 3, what is 101200102 + 12?
101200121
In base 10, what is -1 - 232?
-233
In base 9, what is -5 + -220?
-225
In base 11, what is -a95 + -1?
-a96
In base 5, what is -12 + 32432?
32420
In base 15, what is 270 - 5?
26a
In base 13, what is 2 + 319?
31b
In base 7, what is -25 - 23?
-51
In base 2, what is -1100010001 + -10?
-1100010011
In base 14, what is -4 + 549?
545
In base 3, what is 10 + -11110?
-11100
In base 13, what is -1ba4 - -4?
-1ba0
In base 7, what is 5 + -620?
-612
In base 4, what is 10 + -1100332?
-1100322
In base 16, what is -1b5 + 8?
-1ad
In base 6, what is -2 + 1333?
1331
In base 9, what is -1 + 427?
426
In base 5, what is 1223 - -3?
1231
In base 9, what is 2244 + -2?
2242
In base 6, what is -5 - 35024?
-35033
In base 3, what is 2 + -1221101?
-1221022
In base 16, what is 1220 - -3?
1223
In base 10, what is -33 - 4?
-37
In base 8, what is 55 - -137?
214
In base 11, what is -5 - -28?
23
In base 16, what is -43 - -22?
-21
In base 13, what is 271 - 5a?
214
In base 14, what is -10a + 11?
-d9
In base 4, what is -12031 - -2?
-12023
In base 2, what is 101 + -1100100100?
-1100011111
In base 5, what is 3 + 101?
104
In base 16, what is -5 - -b8?
b3
In base 3, what is -1221 + -10121?
-12112
In base 16, what is 0 + -2c4?
-2c4
In base 5, what is -43 - -1101?
1003
In base 3, what is -22022 + -221?
-100020
In base 16, what is -4a - 9?
-53
In base 5, what is -1441 + -3?
-1444
In base 6, what is 0 + 515?
515
In base 14, what is 4a + -169?
-11d
In base 11, what is 4 - 236?
-232
In base 14, what is -131 + 40?
-d1
In base 13, what is -32 + b?
-24
In base 14, what is 2 + 11?
13
In base 16, what is -25a - 0?
-25a
In base 2, what is 100100 - -1001?
101101
In base 3, what is 101 + 1122?
2000
In base 4, what is -20 - 3031?
-3111
In base 9, what is -14 - -65?
51
In base 9, what is 4578 - 10?
4568
In base 10, what is 53 + 6?
59
In base 8, what is -520 - -5?
-513
In base 12, what is -3 + -a5?
-a8
In base 5, what is 3 + 331?
334
In base 10, what is 1 - 54?
-53
In base 2, what is 10100 - -1011?
11111
In base 14, what is -3 + -52?
-55
In base 15, what is 16 + 2a?
41
In base 13, what is 1 - 507?
-506
In base 14, what is 1 - 13bc?
-13bb
In base 16, what is -33 - -ca?
97
In base 8, what is 5 + -3513?
-3506
In base 6, what is 0 + -342?
-342
In base 5, what is 101114 + -3?
101111
In base 4, what is -20100 + 3?
-20031
In base 13, what is 2 + 16b?
170
In base 7, what is 13 - -1623?
1636
In base 15, what is -26c - 4?
-271
In base 4, what is -1 - 213?
-220
In base 4, what is -320 - 1301?
-2221
In base 9, what is 2135 + -2?
2133
In base 7, what is -21 - 24?
-45
In base 3, what is -112 - 10?
-122
In base 5, what is 1111 - -220?
1331
In base 5, what is -11 - -2?
-4
In base 8, what is 13333 + -2?
13331
In base 12, what is ab9 + -2?
ab7
In base 5, what is -4 - 100442?
-101001
In base 12, what is -5 + -348?
-351
In base 13, what is -153 - 5?
-158
In base 14, what is -800 + 8?
-7d6
In base 10, what is -49 - 0?
-49
In base 3, what is 10101022 - 2?
10101020
In base 13, what is 7 - -c4a?
c54
In base 16, what is -1b5 - 4?
-1b9
In base 10, what is -5 - 6?
-11
In base 3, what is -22 + -2021022?
-2021121
In base 12, what is 32 - -7?
39
In base 7, what is 525 + 11?
536
In base 13, what is 57 + -19?
3b
In base 4, what is -1 + -1101?
-1102
In base 5, what is -2 + -4?
-11
In base 9, what is -2115 + 0?
-2115
In base 4, what is 3213 - -1?
3220
In base 4, what is -22201 - 0?
-22201
In base 2, what is 11000 - -111101000?
1000000000
In base 2, what is -10 + 110001101?
110001011
In base 15, what is 90 + 3?
93
In base 15, what is 23 + -14?
e
In base 7, what is -23425 + -4?
-23432
In base 5, what is -313 + -3?
-321
In base 15, what is -723 - -5?
-71d
In base 7, what is -5 + -365?
-403
In base 2, what is 110 - 110?
0
In base 11, what is 9 + 3a3?
401
In base 16, what is 6 + e3?
e9
In base 14, what is 5 - 20a?
-205
In base 3, what is -11 - 1010?
-1021
In base 16, what is 977 - 5?
972
In base 16, what is 142 + 1?
143
In base 11, what is 8 + 9?
16
In base 13, what is -71a - -4?
-716
In base 15, what is 9 + -c?
-3
In base 12, what is -3 - 21a8?
-21ab
In base 9, what is 81 - 43?
37
In base 7, what is -16404 - -5?
-16366
In base 8, what is 657 + -2?
655
In base 10, what is 4 - -3060?
3064
In base 7, what is -4351 + 3?
-4345
In base 9, what is -114 - 20?
-134
In base 10, what is -5 + -192?
-197
In base 12, what is 6861 + 5?
6866
In base 4, what is 102 + -1?
101
In base 14, what is 4 + -1301?
-12db
In base 4, what is -110 + -102?
-212
In base 10, what is -372 + 1?
-371
In base 9, what is 30 + -30?
0
In base 10, what is 1059 - 2?
1057
In base 12, what is -4 - -3076?
3072
In base 5, what is -1444 + -221?
-2220
In base 16, what is 40 + 2?
42
In base 7, what is -1 + -6444?
-6445
In base 3, what is -1122 + -12?
-1211
In base 6, what is -23152 - 0?
-23152
In base 6, what is 14 + -3035?
-3021
In base 14, what is 0 + 87?
87
In base 7, what is -4 - 2155?
-2162
In base 4, what is -10020 - 0?
-10020
In base 4, what is 3 - 13?
-10
In base 5, what is -14032 - 3?
-14040
In base 2, what is 10000100 + 0?
10000100
In base 9, what